0 + 0*o. Let g = -2 + 3. Give p(g).
-2
Let a be 16/(-3) - -3 - (-3 - 0). Let s(c) be the second derivative of -c**2 - 1/4*c**4 + 0 + 1/20*c**5 - 6*c - a*c**3. Calculate s(-2).
-14
Let v(g) = g**3 + 6*g**2 + 4*g + 4. Let z be v(-5). Let f(h) = 4*h**2 - 7*h + 10. Let k(s) = 5*s**2 - 6*s + 9. Let w(q) = -4*f(q) + 3*k(q). What is w(z)?
-4
Let g be 1/1 - (-2)/(-1). Let s(b) = 16*b + 5. Let r(d) = 23*d + 7. Suppose -20*u + 79 = -21. Let j(m) = u*r(m) - 7*s(m). Determine j(g).
-3
Let g(c) be the second derivative of c**3 + 2*c**2 + 10*c. Suppose 0 = -5*v - 7 - 8. What is g(v)?
-14
Let y(w) = 7*w**2 + 11*w - 10. Let r(i) = -15*i**2 - 23*i + 21. Let a(b) = -6*r(b) - 13*y(b). Let c(v) = -v**3 + 30*v**2 + 29*v + 58. Let p be c(31). Give a(p).
8
Let n(r) = r + 7. Suppose -5*z = -2*a + 4, 0 = 5*z - 3*a - a + 8. Suppose z = -0*t - 2*t + 12. What is n(t)?
13
Suppose 4*p + 4*x - 8 = 0, -2*p + 5*x + 10 = -3*p. Let w(l) = 13 - p + l - 9. Give w(9).
8
Let f be 2*(3 - (-7)/(-2)). Let c be (5*f)/((-8)/8). Let z(o) = -1 - 2*o + 3*o - 6. Determine z(c).
-2
Let p(j) = -j. Let i(u) = 10*u - 69. Let a(b) = -i(b) + 2*p(b). Give a(6).
-3
Let j(y) = y - 5*y**2 + 252 - 248 + 4*y**2. What is j(-5)?
-26
Let r(s) = 7*s + 3 - 7*s + s. Let m = -3 - -4. Let i be (m - -1) + (-16)/2. Give r(i).
-3
Let j = -41 - -29. Let y = -12 - j. Let k(x) = 3*x + 5. Let v(p) = -7*p - 10. Let h(i) = -5*k(i) - 2*v(i). Determine h(y).
-5
Let q(z) = z**3 - 7*z**2 + 6*z - 4. Let d = -49 - -13. Let l = 42 + d. Give q(l).
-4
Let l = 11 - 43. Let t = -22 - l. Let z be (t/(-15))/(6/(-27)). Let p(g) = g**3 - g**2 - 4. What is p(z)?
14
Let k(l) = -l**3 + 10*l**2 + 12*l - 13. Let n = 1058 - 1047. Calculate k(n).
-2
Let a = 8 + -3. Let m(b) be the second derivative of -b**3/6 - 5*b**2/2 + 40*b. Give m(a).
-10
Let q(j) be the third derivative of 0 - 1/60*j**5 + 0*j - 1/3*j**3 + 14*j**2 + 0*j**4. Calculate q(0).
-2
Let w(u) = -3*u**3 - 10*u**2 + 4*u - 1. Let s(p) = p**3 + p**2. Let a(k) = -4*s(k) - w(k). Determine a(2).
9
Suppose -a - 69 + 75 = 0. Let u(g) = -11*g - 5*g + 21*g + 2 - a*g. What is u(3)?
-1
Let z(m) = -4*m**2 - 1. Let x(p) = -7*p**2 - 7*p + 3. Let l(q) = -x(q) + 2*z(q). What is l(4)?
7
Let i(a) = -1 - 78*a + 73*a + a**3 - 5*a**2 - 6. Calculate i(6).
-1
Let w(j) = j**3 + 8*j**2 + 8*j - 2. Let p(r) = r**3 - 17*r**2 - 39*r + 13. Let t be p(19). Determine w(t).
22
Suppose 5*j = -q + 13, -22 = -5*q + 7*q - 2*j. Let n(i) = -2*i - 15. Determine n(q).
-1
Let o(n) = -9*n - 3*n**3 - 77*n**2 + 2*n**3 + 85*n**2 + 2*n**3 + 10. Calculate o(-9).
10
Suppose 0 = y - 1 - 4. Suppose -2*r + 1 = -y. Let t(l) be the second derivative of l**5/20 - l**4/4 - l**3/6 - l**2/2 + 4*l. Determine t(r).
-4
Let d be 9/(-6 + 24) + 5/2. Let v(c) = -c - 1. Let n(g) = -g - 2. Let p(f) = 3*n(f) - 6*v(f). What is p(d)?
9
Let s(f) = -20*f - 16*f - 2*f**2 + 0 + 34*f - 1. What is s(-1)?
-1
Let c(n) = 0 + 4 + n - 6. Let f(h) = -148*h - 1620. Let m be f(-11). What is c(m)?
6
Let f(t) = t - 4. Let d be f(6). Let b(w) = 11*w**2 - 12*w**2 + 6*w + 9 - 2*w + d*w. Determine b(8).
-7
Let a(p) = -p**2 - 7*p - 3. Let c(l) = l**2 - 5*l - 3. Let z be c(4). Let k be a(z). Let r(q) = 2 + 6*q - 5*q - q**2 - q - 3*q. Give r(k).
2
Let h(q) = 5*q + 67. Let a = -2109 + 2094. What is h(a)?
-8
Let a(l) = -l**3 - 2*l + 1. Suppose 0 = 22*h - 19*h. Give a(h).
1
Let m(l) be the first derivative of l**4/4 - 4*l**3/3 + 2*l**2 - 4*l - 222. Determine m(3).
-1
Let a(n) be the third derivative of n**6/120 - n**5/12 + n**4/4 - 2*n**3/3 - 15*n**2. What is a(4)?
4
Let u(o) = 5*o - 6. Let y(x) = 9*x - 12. Let f(r) = -11*u(r) + 6*y(r). Let n be (15/(-4))/((-165)/(-220)). Calculate f(n).
-1
Let b(g) = -5*g**3 + 6*g**2 + 6*g + 16. Let j(k) = 6*k**3 - 6*k**2 - 6*k - 17. Let z(w) = 5*b(w) + 4*j(w). Calculate z(7).
5
Let p(m) = -12*m + 3. Let r(v) = 3*v**2 - v + 2. Let n be r(0). Give p(n).
-21
Let s(t) be the first derivative of -1/3*t**3 - 3*t - 9 - 3/2*t**2. Give s(-4).
-7
Let y(j) = j**2 - 14*j + 17. Let v be y(14). Suppose 0*w - 4*k - v = w, 0 = -5*w + 3*k + 30. Let s(a) = a**3 - 2*a**2 - 4*a + 4. Determine s(w).
1
Suppose -1 - 17 = 2*i + 4*y, -i - 14 = 3*y. Suppose 7 + i = -4*c, -2*c = -5*d + 14. Let h(j) = -j**2 + j. Calculate h(d).
-2
Let t(c) = -c**3 + 7*c**2 + c - 2. Let m be t(7). Suppose 0 = 3*f - 7 + 1. Let y(w) = w**2 + 1 - 2*w + 5*w - 2*w**f. What is y(m)?
-9
Suppose -4*l - 2*p + 22 = -0*p, -4*l = -2*p - 26. Let o(s) = 4*s - 2. Calculate o(l).
22
Let x be -2*(-18)/(-48)*4. Let m(v) = -v**2 - 4*v - 1. Determine m(x).
2
Let k(x) = -54*x + 2857. Let y be k(53). Let r(i) be the second derivative of i**5/20 + i**4/3 - i**3 - i**2/2 - i. What is r(y)?
4
Let w(o) = 2*o**2 - 77*o**3 - 81*o**3 - 76*o**3 + 1 - 82*o**3 + 323*o**3 - 2*o. Determine w(1).
8
Let j(g) = g**3 - 8*g**2 + g - 7. Let r = -9 + 17. Let w be j(r). Let c(s) = 5*s**2 + s. Give c(w).
6
Let h(g) = -16*g**3 - 9*g**2 - 16*g - 81. Let i(a) = -7*a**3 - 4*a**2 - 7*a - 40. Let p(f) = -4*h(f) + 9*i(f). Give p(0).
-36
Let l(i) = -i**2 + 109*i + 455. Let n be l(-4). Let a(v) = 3*v - 7. What is a(n)?
2
Let m = -19 + 29. Let o(v) = 6*v - 14*v**2 + 0*v - 3*v - 1 + m*v**2. Give o(2).
-11
Let q(b) = 29*b + 9 + 3*b**2 + 16*b + 53*b - 64*b + 1. What is q(-11)?
-1
Suppose 3*u + 27 - 53 = 4*i, 0 = -3*i + 3*u - 21. Let c(o) be the second derivative of -o**3 + o - 1/12*o**4 + o**2 + 0. Calculate c(i).
7
Let h be (-4 - -3)/(-1)*(-1 + 3). Let p(l) = 0 + 6*l**h - 7*l**2 + 1 + 0*l**2. What is p(-3)?
-8
Suppose 17*i - 14*i - 18 = 0. Let b(r) = 2*r - 10. Give b(i).
2
Let c be ((-2)/(-4)*1)/(59/1770). Let b(j) = j - 16. Let s be b(c). Let z(t) = -2*t**3 + t**2 + t + 1. What is z(s)?
3
Let p(x) be the first derivative of x**5/20 + 2*x**4/3 - 3*x**3/2 + 5*x**2/2 - 16*x + 10. Let f(s) be the first derivative of p(s). Give f(-9).
5
Let j(w) = w. Suppose -3*t + 2*r + 15 = 0, -4*t - r - 3*r = 0. Suppose 0 = t*f + f + 8. Let q be f/4 - 2/4. Calculate j(q).
-1
Let d(f) be the first derivative of f**4/4 - 11*f**3/3 + 4*f**2 + 10*f + 125. Determine d(10).
-10
Let x(f) = -f**3 - 6*f**2 + 6*f - 10. Let v be 0 + (-1)/(-3)*0. Suppose -4*g - 5*r = -2*g - 13, v = -3*g - r + 13. Suppose g*c + c + 35 = 0. What is x(c)?
-3
Suppose x = -4*x. Let o(z) = 6*z + x*z + 8*z**2 - 6*z - z**3. Give o(8).
0
Let r(z) = 2*z**2 + 24*z + 22. Let s(y) = y**2 + 12*y + 11. Let a(t) = -6*r(t) + 11*s(t). Suppose -7*p - 82 + 5 = 0. What is a(p)?
0
Suppose -4*z - 3*v = 11, -v - 20 = 5*z + 4*v. Let h(m) = 6*m + 18. Let a(s) = -7*s - 27. Let n(j) = -2*a(j) - 3*h(j). Calculate n(z).
-4
Let n(s) = -5*s - 5. Let c(f) = 14*f + 14. Let j(r) = 6*c(r) + 17*n(r). What is j(0)?
-1
Let r(n) be the first derivative of -n**3/3 - 2*n**2 + n + 2. Suppose 1006*h - 60 = 1021*h. What is r(h)?
1
Let k(q) = 14*q**2 - 2*q - 1. Let n = -33 + 33. Suppose n*j + 5*j = -5. Calculate k(j).
15
Let l be 2 - (1/(-7) - 11/(-77)). Let i(p) = -3*p**l + 4 - 12*p**2 + 14*p**2 + 9*p. Give i(8).
12
Suppose -5*l + 26 = -3*y, -4*y = -y - l + 10. Let x be 2/2 + y + -1 + 4. Let k(p) = -p. Calculate k(x).
-2
Let m(f) = f - 5. Let h(p) = 2*p**2 - 12*p. Let b be h(8). Suppose 7*a + a - b = 0. What is m(a)?
-1
Let j(b) = 4*b**2 - 2*b**2 - b - 1 + 2*b + b**3. Let n be 33/198 - (-13)/(-6). Calculate j(n).
-3
Let u(b) be the first derivative of -2*b**2 - 1/3*b**3 + 1/4*b**4 - 1 + b. Suppose -2*h + 1 = t, -4*h + 4*t + 35 - 3 = 0. Give u(h).
7
Let i(d) = -d**2 - 4*d + 9. Let w(a) = -2*a - 8*a - 6*a + 17*a - 2. Let x(b) = -i(b) - 4*w(b). Give x(-1).
0
Let p = -221 - -231. Let i(l) = l - 2. Calculate i(p).
8
Let j(h) = -h + 4 + 3 - 24 + 8 + 8. Let m be ((-2)/2 - -3)*2. Suppose 3*u + 1 = m. What is j(u)?
-2
Let g(d) = -d**3 - 4*d**2. Suppose 0 = 3*a + 9*a + 48. Give g(a).
0
Suppose 4*i - 5*c - 1 = 33, -2*i = -3*c - 18. Let r(f) = f**3 - 5*f**2 - 5*f + 5. Give r(i).
11
Let t(v) = -9*v**3 + v + 3. Let a(g) = -2*g**3 - g**2 + 1. Let k = -118 - -114. Let x(w) = k*a(w) + t(w). Give x(4).
3
Let h(v) = 40*v - 81*v + 43*v - 10. What is h(6)?
2
Let d be 15/6*14/5. Let u(z) = z + 2*z - d*z. Suppose -k = 2*i + 11, i = -5*k - 4*i - 30. Determine u(k).
4
Let q(o) = 2*o**3 - 29*o**2 - 15*o - 7. Let x be q(15). Let c(t) = t**3 + 7*t**2 - 2*t + 3. Calculate c(x).
17
Suppose -39 + 9 = -3*s. Let x(h) = h**2 - 8*h - 10. Give x(s).
10
Let l